and 44.
11
Suppose v + 108 = f, -22*f + 20*f = 5*v - 195. What is the highest common divisor of f and 2065?
35
Suppose 2267 = 2*u + 8*s - 13*s, -2*u + 2204 = 4*s. Calculate the highest common divisor of 54 and u.
18
Let t(k) = -10*k + 390. Let p be t(39). Suppose 0 = 3*l - 0 + 3. Let m be 2 - l - (p + -184). What is the highest common factor of 17 and m?
17
Let l(i) = -2*i**2 - 8*i - 12. Let s be l(-12). Let b = 346 + s. Calculate the highest common factor of b and 355.
71
Let k(f) = -2 + 41*f**2 - f - 38*f**2 + 0*f. Let q be k(-3). Suppose 4*i = 8*i - 56. Calculate the greatest common divisor of i and q.
14
Let i = 1232 + -1200. What is the highest common factor of i and 684?
4
Let p = 8243 + -6014. What is the greatest common factor of p and 3?
3
Let q(p) = -8*p**2 - 5*p + 78. Let v(f) = -15*f**2 - 10*f + 158. Let h(s) = 11*q(s) - 6*v(s). Let o be h(9). Calculate the greatest common divisor of o and 36.
9
Suppose 0 = 4*t - 2*c - 1950, 9*c = -3*t + 8*t - 2470. Calculate the greatest common divisor of t and 30.
5
Let d = 35 + -26. Let l = 6 - 2. Suppose -d = -l*o + 19. Calculate the highest common divisor of 1 and o.
1
Let t be (-990)/72 - (0 - (-6)/(-8)). Let m = 103 + t. Calculate the greatest common divisor of m and 135.
45
Suppose -21 = 3*u - 36. Suppose 3*y - 355 - 94 = m, -5 = -u*m. What is the greatest common divisor of y and 50?
50
Let f(t) = 15*t**2 - 98*t + 294. Let b be f(3). What is the greatest common divisor of b and 2565?
135
Let o be -1 - (-4 - 9)*-15. Let u = o + 460. Let f be (u/(-5))/(-3)*(-1 - -6). Calculate the highest common divisor of f and 8.
8
Suppose -2*l + 12 = c, -48*c + 50*c - 69 = 5*l. Calculate the greatest common divisor of 110 and c.
22
Let h be -7 + (6 + 1 - -25). Let r(y) = y**2 - 5*y - 26. Let o be r(9). Suppose -o*j = -4*j - 30. What is the highest common factor of j and h?
5
Let w be (-6)/24 - (-3)/4 - 2985/(-6). Calculate the highest common factor of w and 174.
6
Let d = -541 - -546. Suppose 3*y - 5*a = 2071, -d*y + a = -393 - 3022. Calculate the greatest common divisor of y and 62.
62
Suppose u + 273 = 4*c, -15*c + 137 = -13*c - u. Let y = 2 + 32. Calculate the highest common divisor of y and c.
34
Let k = -143 + 145. Suppose -k*l - 4*f + 14 = -2*f, 13 = l + 4*f. What is the highest common divisor of l and 1?
1
Suppose -92 + 14 = -6*l. Suppose l + 23 = 4*n. What is the greatest common divisor of 81 and n?
9
Let i(z) = z**3 - 21*z - 1. Let f be i(5). Let c(o) = -o**3 + 17*o**2 + 38*o + 11. Let h be c(f). Calculate the highest common factor of h and 1.
1
Suppose -f - 2 = -6. Let u(h) = -14*h**3 - 2*h**2 - h + 1. Let z be u(-2). Suppose 6*o - z + 11 = 0. What is the greatest common divisor of o and f?
4
Let n be (11/(11/(-3)))/((-3)/17). Suppose 0 = -4*p - 2*g + 280, -2*p - 4*g - g = -156. Calculate the highest common divisor of p and n.
17
Let i(d) = -13*d + 6. Let t be i(-4). Let h = 2403 - 1997. Calculate the highest common factor of h and t.
58
Let a(v) = 165*v**2 - 46*v - 49. Let j be a(-1). What is the highest common divisor of 10179 and j?
27
Let r = -19819 - -20971. Calculate the highest common factor of 477 and r.
9
Suppose 1097 = -11*m + 5453. Suppose -332 = -14*a + m. What is the highest common factor of a and 351?
13
Let j(b) = 140*b + 2110. Let i be j(-15). What is the greatest common divisor of i and 6310?
10
Let a = 2624 + 8276. Calculate the greatest common factor of a and 200.
100
Let o be (-145)/(-2)*(27189/405 + 2/(-6)). Calculate the greatest common factor of 145 and o.
29
Let h(n) = n**2 - 18*n + 242. Let p be h(12). Calculate the greatest common divisor of p and 530.
10
Suppose 4*n = -5*o + 2*n + 2703, -12 = -3*n. Suppose -o = 5*c - 12*c. What is the highest common divisor of 14 and c?
7
Suppose -40*d + 365 + 2389 = 434. Let h be (-1 - (3 + -4)) + 406. What is the highest common divisor of d and h?
58
Let w = -147 - -261. Let r = -106 + w. What is the greatest common factor of r and 248?
8
Let u(f) = 44*f - 1070. Let s be u(25). What is the greatest common divisor of 558 and s?
6
Suppose -4 = 2*n, -g - 134 = n - 321. Suppose -4*u + 5 = -3. Suppose u*h - 63 = -h. Calculate the highest common divisor of h and g.
21
Let l be (-15)/(-9) - 406/(-21). Let x be 126/(13 + -20 + 9). Calculate the greatest common divisor of x and l.
21
Suppose 0 = u - 7*u - u + 315. Calculate the greatest common divisor of 576 and u.
9
Let l be 0 + 5 + (-94)/18 + (-646)/(-153). Calculate the highest common factor of 5708 and l.
4
Suppose -1601*m + 1594*m + 28 = 0. Let a(p) = -p**2 + 8*p + 5. Suppose -24 = -5*j + 2*j. Let t be a(j). What is the highest common divisor of m and t?
1
Let k be (-5 - 8)/(-1) + -5. Suppose 3*r - 5 = 10. Suppose 320 = -n + r*n. Calculate the highest common divisor of k and n.
8
Let x be (-1 - 0)/(1/(-24)). Let u = x - -6. Let a = -57499 + 57509. Calculate the highest common factor of a and u.
10
Suppose 4*d - 6710 = 2*w, -316*d = -315*d - 2*w - 1685. What is the greatest common divisor of d and 75?
25
Let h(n) = n**3 + 24*n**2 + 25*n + 46. Let f be h(-23). Suppose f = 2*g - 3*v - 199, -2*v = -5*g - 6*v + 463. What is the greatest common divisor of g and 38?
19
Suppose -210*z - 2225 + 36413 = 21*z. What is the highest common divisor of z and 185?
37
Let p be (-1488)/((3*5/(-60))/((-5)/(-30))). Calculate the highest common factor of p and 837.
31
Let q = 32 + 11. Suppose -k - 8 = 2*u, -4*k - q = -4*u - 11. Let t be ((-4)/k)/((-3)/(-78)). What is the highest common factor of 13 and t?
13
Suppose -16 = -2*a + 4*u, -2*a - 2 = -u - 9. Suppose 0 = -a*z - 5*t + 8 + 23, 3*t + 124 = 5*z. Calculate the greatest common factor of z and 368.
23
Let h(u) = u**3 - 91*u**2 + 352*u - 249. Let i be h(87). Calculate the highest common factor of i and 2871.
99
Let i be (-260)/3*117/26. Let a = i - -397. What is the highest common divisor of 301 and a?
7
Let n(p) = 5*p**3 + 56*p**2 + 12*p + 23. Let u be n(-11). What is the highest common divisor of 15636 and u?
12
Suppose -1675 = -5*l + s, -2*l + s - 210 + 877 = 0. Calculate the highest common divisor of l and 966.
42
Let h(a) = -a**3 - 13*a**2 - 22*a + 9. Let j be h(-11). Suppose -j*z = -2*y - 4*z + 119, -3*y - 2*z = -207. What is the greatest common factor of y and 134?
67
Let l be 6/9 - 3/((-27)/21). Suppose -c + 4 = 0, -l*c + c = -u - 2. Suppose -s - 135 = -u*s. Calculate the highest common factor of 135 and s.
27
Let w = 17 + -9. Let z(c) = c**3 - 24*c**2 + 101*c + 358. Let j be z(9). What is the highest common divisor of j and w?
4
Suppose 0 = -4*s - 3*x + 1764, -3*s - 46*x + 45*x = -1318. Let a = -344 + s. What is the highest common factor of a and 2?
2
Suppose 0 = -24*g + 3524 - 212. What is the highest common factor of g and 90?
6
Suppose 38*s - 2*a + 14 = 40*s, 4*a = 5*s + 1. What is the highest common factor of 3543 and s?
3
Suppose -254*d + 1902 = -248*d. Suppose 0 = 3*s + 5*p - d, -4*p - 12 - 8 = 0. Calculate the highest common divisor of s and 190.
38
Let q(h) = h + 4. Suppose -59*n = -60*n + 33. Let v be q(n). Calculate the greatest common factor of v and 259.
37
Let t be (-26 + (-3184)/(-128))/((-1)/8). Let g be (-3481)/(-9) - (-8)/36. Calculate the greatest common factor of t and g.
9
Suppose 0 = -5*t - 3*g + 6613, 23*t = 24*t + 5*g - 1305. Calculate the highest common factor of 25 and t.
25
Let w(i) = 4*i - 5. Let v be w(5). Let k = -561 + 1071. Let m be ((-18)/4)/((-17)/k). Calculate the highest common divisor of m and v.
15
Let b = -406 - -9987. Calculate the highest common divisor of b and 67.
67
Let m = -175 + 129. Let y = m + 73. Let v be ((-12)/10)/(92/(-30) - -3). Calculate the greatest common factor of v and y.
9
Let j(r) = 10*r - 16. Let l be j(5). Let v be (1 - l/(-8))/((-68)/(-544)). What is the greatest common factor of 12 and v?
6
Let d(t) = -t**3 - 19*t**2 - 52*t - 203. Let q be d(-21). What is the greatest common factor of 176 and q?
11
Let h(k) = -7*k. Suppose 5*y = 5*z - 30, 2*y + 3*y = -2*z + 19. Suppose -3*j + 4 = -z*j. Let m be h(j). Calculate the highest common factor of 77 and m.
7
Let y = -30 + 283. Calculate the greatest common factor of 209 and y.
11
Let o be -156*((-168)/(-140) - (-51)/(-30)). What is the greatest common divisor of 5486 and o?
26
Let o = 2436 + -2417. What is the greatest common factor of 1404